
2
Let k(x) = -2*x**2 - 11*x + x**2 - 5 - 7. Determine k(-9).
6
Let q(t) = 1 - 3*t + t + 0*t. Suppose -5*p + 35 = -3*r, 3*p = -2*r + 4*r + 22. Determine q(p).
-7
Let z(b) be the second derivative of b**4/12 + 5*b**3/6 - b**2/2 + 12*b. Give z(-5).
-1
Suppose -4*o + 0 = -2*g + 36, 17 = -g - 5*o. Suppose 4*k - g*k - 20 = 0. Let w(b) = -b**2 - 4*b + 7. Calculate w(k).
2
Suppose 2 = 2*q - 0. Let k be 3 + (-1 - q/1). Suppose w - k = -6. Let l(v) = v + 2. What is l(w)?
-3
Let x(p) = 5*p - 3*p**2 - 188*p**3 - 3*p + 189*p**3 + 1 - 4*p. What is x(4)?
9
Suppose -3*y = 3*a + 15, 2*a = -4*y - 10 - 4. Let z(u) = 5 + 7*u - 3 - 2*u. Determine z(y).
-8
Let w(d) be the first derivative of d**3/3 - 3*d**2 - 49. Determine w(3).
-9
Let w(i) be the second derivative of -i**3 + 0 - i + 1/2*i**2. What is w(-1)?
7
Let l(x) = x**2 - 8*x + 6. Suppose 6*r - 28 = 2. Determine l(r).
-9
Let w(q) be the third derivative of q**5/60 - 5*q**4/24 + q**3/6 - 44*q**2. Suppose 4*l = -l. Let n = 5 + l. Give w(n).
1
Let m = 6 - 1. Let y(g) = g**3 - g**2 - 3*g + 5. Let r = 27 - 19. Let v(f) = 3*f**3 - 4*f**2 - 10*f + 14. Let x(l) = r*y(l) - 3*v(l). What is x(m)?
3
Suppose -4*c = 4, -21 = -5*g + 4*c + 18. Suppose 0 = -2*i + 4*i. Suppose -o + 4*w + w = -g, i = -2*w - 4. Let f(n) = n**2 + 2*n - 2. Calculate f(o).
1
Let d = -22 - -13. Let f be (-6)/d*-3 - 0. Let v(n) = 2*n + 0*n**2 - 3*n**3 + 4*n**3 + 2*n**2. Determine v(f).
-4
Suppose s + 4*r = -7 - 5, 4*s + 3*r = -9. Let x(i) = -234*i**2 - 8 + i + 1 + 235*i**2. Give x(s).
-7
Let d(t) = 2*t + 11. Let v(b) = b + 6. Let l(z) = -3*d(z) + 5*v(z). What is l(-7)?
4
Let r(m) = 3*m + 8. Let l(b) = b + 4. Let d(w) = 10*l(w) - 4*r(w). Calculate d(6).
-4
Let m(f) = 5*f**2 - 3*f**2 + f - f**2 + 8 + 6*f. Let u be -2*1*(5 + -2). Calculate m(u).
2
Let t(l) be the first derivative of l**4/4 - l**3/3 + l + 1. Let h(s) = -4*s + 8*s**2 - 4 - 5*s**3 - 3*s + 6*s. Let p(k) = -h(k) - 6*t(k). Give p(-3).
4
Let g(d) = -3*d**3 - 4*d**2 - 10*d + 6. Let j(v) = -v**3 - v + 1. Let m(u) = g(u) - 4*j(u). What is m(5)?
-3
Let y be (-60)/(-3)*(-3)/(-6). Let r be 4/y - 3/(-5). Let x(o) = 3*o - 1. Give x(r).
2
Suppose 0 = 4*k - 3*k - 4, y + 2*k = 5. Let l(c) = -c + 1. Let n(h) = -h + 8. Let q(u) = 5*l(u) - n(u). Calculate q(y).
9
Let z(j) = j**3 - 9*j**2 + 10*j - 8. Suppose -9*w + 0*w = -72. Determine z(w).
8
Suppose -d = 3 + 1. Let f(y) = 3*y**2 + 5*y - 3. Let q(j) = 5*j**2 + 11*j - 7. Let u(z) = d*q(z) + 7*f(z). Determine u(6).
-11
Suppose -4*y + 6 = -2. Let x(z) = -z + 1. Let t(u) = 2*u - 3. Let b(a) = -4*t(a) - 11*x(a). Calculate b(y).
7
Let y(i) = 3*i**2 - 6*i - 5. Suppose 5*p = 4*d - 20, -p = 4*d - 0*p - 20. Let u(b) = 4*b**2 - 7*b - 6. Let j(v) = d*u(v) - 6*y(v). What is j(1)?
3
Let h = -1 + 1. Suppose h = -l - 3. Let r(a) be the second derivative of -a**4/12 - a**3 - 2*a**2 + 4*a. Give r(l).
5
Let d(t) = t - 1 + 7 - 3*t. Let w be 442/65 + 4/(-5). What is d(w)?
-6
Let m(n) = -n**3 - 8*n**2 - 5*n + 9. Let j = 44 - 51. Calculate m(j).
-5
Let m(f) be the third derivative of 0 + 0*f - 1/24*f**4 - 4*f**2 - 4/3*f**3. Give m(-4).
-4
Let c(k) be the third derivative of -k**6/360 + k**5/120 - k**4/24 + k**3 - 7*k**2. Let g(z) be the first derivative of c(z). Determine g(3).
-7
Let l = -14 - -8. Let f(z) = -5*z**3 + 4*z + 13. Let y(d) = 11*d**3 - d**2 - 8*d - 27. Let o(s) = l*y(s) - 13*f(s). Calculate o(5).
-2
Let t(q) = -2*q**3 + q**2 + 3*q**2 + q + 3 - 3*q - 2*q. Let c = 9 + -7. Calculate t(c).
-5
Let b(f) = 0 + 1 + 1 + 1 - 5*f - f**2. Let z = -5 - 1. Determine b(z).
-3
Suppose 8 = 4*h - 28. Suppose -3*v - h = -24. Suppose -y - 4*y - v = 0. Let i(b) = b**2 + b + 1. Give i(y).
1
Let k(a) be the third derivative of -10*a**2 + 0 + 7/6*a**3 + 0*a - 1/24*a**4 - 1/60*a**5. Let y = -2 + 2. Give k(y).
7
Suppose 2*s - a - 9 = -s, -s = -4*a - 3. Let o(w) = -5*w**3 - 5*w**s + 3*w**3 + w - w**3. Calculate o(1).
-7
Let m(j) = j**3 - 5*j**2 + 5*j. Let c be 390/95 + -2 + 36/19. Give m(c).
4
Suppose -5*u = r - u + 8, -5 = -2*r - u. Let h(j) = j**3 - 6*j**2 + 4*j + 4. Determine h(r).
-12
Let r(d) be the second derivative of d**4/12 + d**3/6 - 19*d. Calculate r(2).
6
Let m = -12 - -8. Let f = -4 - m. Suppose -2*h + 5*i + 8 = 0, 3*i + f + 10 = -4*h. Let s(j) = -j**3 + j**2 - 1. Determine s(h).
1
Let y(m) = -m**2 + 7*m - 5. Let z be 5 - (-4 + 5)*-2. Determine y(z).
-5
Let b(v) = -5*v**2 - 5*v**2 + 8 - 7*v + 11*v**2. Calculate b(6).
2
Let j(f) = f + 1. Suppose u + 2*u - 16 = 5*d, -2*d - 6 = -u. Suppose u*p - 8 - 2 = 2*k, 0 = -2*p - 5*k - 11. Let b be (-5)/15 + p/(-3). What is j(b)?
0
Let x(y) = 11*y. Let r(i) = i**2 - i**2 + 9*i - i**2 - 4 - 11. Let v be r(7). Determine x(v).
-11
Suppose 2*t - 12 = -2*t. Let p(k) = 9 + 1 - 4 - t*k. Calculate p(5).
-9
Let s(h) = h**2 - 5*h - 4. Let u = 71 + -66. Determine s(u).
-4
Let w(x) = x**3 + x**2 - 3*x + 2. Let o(f) = -4*f**3 - 4*f**2 + 13*f - 9. Let n(l) = 2*o(l) + 9*w(l). Determine n(-3).
-15
Let o(n) be the second derivative of -1/12*n**4 + 0 - 3*n + 5/6*n**3 + 3/2*n**2. What is o(5)?
3
Let f(m) = 3*m + 4. Let r(t) = -7*t - 8. Let w(g) = 5*f(g) + 2*r(g). Determine w(-3).
1
Let l(h) = 5*h. Let a be -4 + -4*(-1)/(-4). What is l(a)?
-25
Let c(b) be the first derivative of -b**4/12 - b**3/6 - 3*b**2 + 3*b + 2. Let j(i) be the first derivative of c(i). Give j(0).
-6
Let n(z) = -z**2 - z - 8. Let b be (-6)/(-15) - (-6)/(-15). Let r be (1 - b)*-2 + 2. Suppose -2*i + 3*i = r. What is n(i)?
-8
Let o(l) be the first derivative of -l**2 - l + 1. What is o(1)?
-3
Let v(z) be the second derivative of z**3/3 - z**2 - 11*z. Calculate v(-4).
-10
Let z(g) be the third derivative of -g**6/60 - g**5/30 + g**4/24 + g**3/3 - 3*g**2. Calculate z(-2).
8
Let i(j) = -j**2 + 3*j + 6. Let q = -32 - -37. Calculate i(q).
-4
Let c(w) = -w + 1. Suppose 0 = -4*i + 4*o + 16 + 4, 5*i = 4*o + 22. Determine c(i).
-1
Let q = 29 + -35. Let f(p) = 3*p - 6. Determine f(q).
-24
Let l(n) = n + 4. Let q be 1/3*(13 - 28). Determine l(q).
-1
Let c be 32/6 + 18/27. Let w = c - 12. Let z(h) = -h**2 - 9*h - 9. Calculate z(w).
9
Let l(x) = -3 - 3*x**2 - 3*x**2 + 2*x**2 - x**3 - 4*x. Let d be (-23)/7 - 2/(-7). Calculate l(d).
0
Let d(n) = n**2 - 7*n - 2. Suppose -3*b = -2*g + 78 - 30, -2*b = -2*g + 48. Let c be g/2 + 28/(-7). Calculate d(c).
6
Let d(q) be the first derivative of q**4/4 + 4*q**3/3 - 3*q**2/2 + 2*q + 6. Give d(-5).
-8
Let i(z) = 7*z**3 - 9*z**2 + 9*z + 16. Let s(r) = -3*r**3 + 4*r**2 - 4*r - 8. Let x(f) = 4*i(f) + 9*s(f). Let y be 2/7 + (-4)/14. What is x(y)?
-8
Let s(l) = -l**3 + l**2 - 2*l + 3. Let f(b) = -b**3 - 12*b**2 + 12*b - 11. Let g be f(-13). Determine s(g).
-5
Let s(p) be the first derivative of -p**2 + 11*p - 1. Let i(a) = 4*a - 9 - 4*a + 2*a - 3. Let o(w) = 4*i(w) + 5*s(w). What is o(5)?
-3
Let b(u) = -2*u**3 + 3*u**2 - 1. Let z be (-3 - -4)*2/(-1). Let j = z - -4. Determine b(j).
-5
Let b be 4/(-16) - 2/(-8). Suppose b*z - 15 = 5*z. Let k(l) = -l**2 - 4*l - 2. Calculate k(z).
1
Let c be (-1 - (-3)/2)*(24 - 22). Let v(n) = 2*n**2 + 10*n + 7. Let s(l) = -l**2 - 7*l - 5. Let p(m) = 7*s(m) + 5*v(m). Give p(c).
4
Let j(c) be the first derivative of 5/3*c**3 + 1/4*c**4 + 5/2*c**2 + 1 + 5*c. Let f = -2 - 2. Give j(f).
1
Let s(g) = g**2 + 4*g - 2. Let b(m) = -m**2 - 4*m + 1. Let d(o) = 3*b(o) + 4*s(o). Calculate d(-5).
0
Let i(u) be the second derivative of -u**5/60 - 5*u**4/24 + u**3/3 + u**2/2 + u. Let h(x) be the first derivative of i(x). What is h(-4)?
6
Let x(y) = 2*y**2 + 2*y**2 + y**3 + 2*y + 2 - 1. Let h = 23 + -19. Let r be -4*-4*h/(-32). Give x(r).
5
Let p(o) be the second derivative of o**3/6 + 5*o**2 - 6*o + 3. What is p(-8)?
2
Let f(s) = 2*s**3 - 7*s**2 - 9*s - 2. Let o(y) = y**3 - 4*y**2 - 5*y - 1. Let i(u) = 4*f(u) - 7*o(u). Let b(c) = 2*c**2 - 33*c + 14. Let z be b(16). Give i(z).
-7
Let z(m) = 3*m**3 + 9*m**2 - 9*m + 9. Let v(f) = -f**3 - f**2 + f + 1. Let q(w) = -2*v(w) - z(w). Give q(-8).
-3
Let s(b) = b**3 + 6*b**2 + 2*b - 12. Let l be s(-5). Suppose -3*c - l*i = 9 + 9, 2*i + 4 = 0. Let f(a) = a**2 + 4*a + 1. Calculate f(c).
1
Let f(s) = -8*s**2 + s - 1. Let p = 9 + -13. Let c = p - -5. What is f(c)?
-8
Let a be 4 - 2 - (20/4 - 3). Let d(x) = -x + 4. What is d(a)?
4
Suppose -201 = -t + 6*t - 3*g, t - g + 41 = 0. Let f be (-3)/(-5) + t/15. Let l(k) = -3*k -